{"id":20485,"date":"2020-08-10T14:43:41","date_gmt":"2020-08-10T17:43:41","guid":{"rendered":"http:\/\/ht628195.hostingtelefonica.com.ar\/conectate\/?page_id=20485"},"modified":"2021-09-22T11:02:54","modified_gmt":"2021-09-22T14:02:54","slug":"talleres-virtuales-iciec-primaria","status":"publish","type":"page","link":"https:\/\/uepc.org.ar\/conectate\/talleres-virtuales-iciec-primaria\/","title":{"rendered":"Talleres virtuales ICIEC primaria"},"content":{"rendered":"\n<figure class=\"wp-block-image size-large\"><img loading=\"lazy\" decoding=\"async\" width=\"901\" height=\"531\" src=\"https:\/\/uepc.org.ar\/conectate\/wp-content\/uploads\/2021\/03\/taller-formaciondocente2021-nivel_bot-primaria-1-1.jpg\" alt=\"\" class=\"wp-image-21436\" srcset=\"https:\/\/uepc.org.ar\/conectate\/wp-content\/uploads\/2021\/03\/taller-formaciondocente2021-nivel_bot-primaria-1-1.jpg 901w, https:\/\/uepc.org.ar\/conectate\/wp-content\/uploads\/2021\/03\/taller-formaciondocente2021-nivel_bot-primaria-1-1-446x263.jpg 446w, https:\/\/uepc.org.ar\/conectate\/wp-content\/uploads\/2021\/03\/taller-formaciondocente2021-nivel_bot-primaria-1-1-768x453.jpg 768w, https:\/\/uepc.org.ar\/conectate\/wp-content\/uploads\/2021\/03\/taller-formaciondocente2021-nivel_bot-primaria-1-1-550x324.jpg 550w, https:\/\/uepc.org.ar\/conectate\/wp-content\/uploads\/2021\/03\/taller-formaciondocente2021-nivel_bot-primaria-1-1-160x94.jpg 160w\" sizes=\"auto, (max-width: 901px) 100vw, 901px\" \/><\/figure>\n\n\n\n<div class=\"wp-block-getwid-toggle has-icon-left\" data-active-element=\"false\"><div class=\"wp-block-getwid-toggle__row\"><div class=\"wp-block-getwid-toggle__header-wrapper\"><h4 class=\"wp-block-getwid-toggle__header\"><a href=\"#\"><span class=\"wp-block-getwid-toggle__header-title\">R<strong>epensar nuestras pr\u00e1cticas con TIC en contextos de bimodalidad<\/strong> <\/span><span class=\"wp-block-getwid-toggle__icon is-active\"><i class=\"fas fa-plus\"><\/i><\/span><span class=\"wp-block-getwid-toggle__icon is-passive\"><i class=\"fas fa-minus\"><\/i><\/span><\/a><\/h4><\/div><div class=\"wp-block-getwid-toggle__content\"><strong> Destinatarias\/os<\/strong>:  docentes y equipos directivos del nivel inicial y primario, afiliadas y afiliados. <br><br><strong> Duraci\u00f3n<\/strong>: 4 semanas (12 horas reloj distribuidas en 4 encuentros sincr\u00f3nicos y actividades asincr\u00f3nicas)<br><strong><br> Equipo de talleristas<\/strong>:<br><em> Mariela Palestrini<\/em>. Licenciada en Psicopedagog\u00eda. Especialista en Educaci\u00f3n y TIC y docente de Educaci\u00f3n Secundaria.<br><em>Paula Tania Haefeli<\/em>. Profesora y Licenciada en Ciencias de la Educaci\u00f3n. Capacitadora del ICIEC-UEPC en el uso del Aula Digital. Actualmente docente del Nivel Superior.<br><br><strong>S\u00edntesis de la propuesta<\/strong>: <br>El taller propone generar un espacio de encuentro entre docentes para reflexionar, debatir y poner en di\u00e1logo ideas y situaciones vinculadas a nuestras pr\u00e1cticas docentes en este contexto de bimodalidad y vuelta progresiva a la presencialidad.<br> Intentaremos abordar problem\u00e1ticas propias del nivel en el trabajo pedag\u00f3gico en la actual coyuntura. \u00bfCon qu\u00e9 caracter\u00edsticas pensamos nuestras planificaciones para el trabajo con estudiantes en esta doble modalidad? \u00bfQu\u00e9 propuesta me dio resultado durante la no presencialidad y como la pensar\u00eda para la bimodalidad? \u00bfQu\u00e9 estrategias did\u00e1cticas privilegio para pensar la bimodalidad? \u00bfC\u00f3mo pienso modificaciones en el contenido para poder hacer m\u00e1s efectivos los encuentros presenciales y no presenciales con mis estudiantes? \u00bfA qu\u00e9 recursos y herramientas puedo apelar para generar un acercamiento m\u00e1s positivo con mis estudiantes? \u00bfC\u00f3mo recuperamos los trabajos enviados por los alumnos? Estas son algunas de las preguntas y t\u00f3picos que abordaremos en los encuentros.<br> La idea es compartir y repensar nuestras pr\u00e1cticas a partir de las particularidades de funcionamiento, v\u00ednculos y trabajo del nivel, revisar nuestra experiencia ense\u00f1ando en la virtualidad, mirarla desde este nuevo contexto de bimodalidad y entrar en contacto con nuevas herramientas que podr\u00edan facilitar y\/o potenciar nuestras propuestas de trabajo.<br><br><strong>Comisi\u00f3n A<\/strong><br>Inicia: lunes 27 de septiembre | Encuentros sincr\u00f3nicos: lunes de 18 a 20 hs.&nbsp; <br><br><a href=\"https:\/\/portal2.uepc.org.ar\/Talleres\/Taller.aspx?id=1\"> Inscripciones aqu\u00ed <\/a><\/div><\/div><div class=\"wp-block-getwid-toggle__row\"><div class=\"wp-block-getwid-toggle__header-wrapper\"><h4 class=\"wp-block-getwid-toggle__header\"><a href=\"#\"><span class=\"wp-block-getwid-toggle__header-title\"><strong>Accesibilidad textual: repensar los textos para la ense\u00f1anza desde la atenci\u00f3n a la diversidad<\/strong> <\/span><span class=\"wp-block-getwid-toggle__icon is-active\"><i class=\"fas fa-plus\"><\/i><\/span><span class=\"wp-block-getwid-toggle__icon is-passive\"><i class=\"fas fa-minus\"><\/i><\/span><\/a><\/h4><\/div><div class=\"wp-block-getwid-toggle__content\"><strong>Destinatarias\/os<\/strong>: docentes de primaria de escuelas comunes y docentes y equipos t\u00e9cnicos de escuelas especiales; en ambos casos, afiliadas y afiliados. Pueden participar adem\u00e1s docentes de apoyo a la integraci\u00f3n escolar (D.A.I) afiliadas y afiliados o que est\u00e9n trabajando junto a otro\/a docente que realice el taller. <br><br><strong> Duraci\u00f3n<\/strong>: 4 semanas (12 horas reloj distribuidas en 4 encuentros sincr\u00f3nicos y actividades asincr\u00f3nicas)<br><br><strong>Equipo de talleristas<\/strong>:<br><em> Marcela Carignano<\/em>: Licenciada y Profesora en Ciencias de la Educaci\u00f3n. Capacitadora del ICIEC &#8211; UEPC en cursos de formaci\u00f3n docente sobre vinculaci\u00f3n escuela-comunidad. Tallerista en propuestas sobre inclusi\u00f3n educativa y procesos de integraci\u00f3n de personas con discapacidad en la escuela.&nbsp;<br><em> Claudia Bruno<\/em>: Licenciada en Ciencias de la Educaci\u00f3n y Profesora de Educaci\u00f3n Especial. Capacitadora del ICIEC &#8211; UEPC en cursos y talleres de formaci\u00f3n docente sobre Inclusi\u00f3n educativa y procesos de integraci\u00f3n de personas con discapacidad en la escuela. <br> <br><strong>S\u00edntesis de la propuesta <\/strong><br> Las y los invitamos a compartir en este espacio de trabajo algunas discusiones y propuestas acerca de c\u00f3mo presentamos a nuestras y nuestros estudiantes los diferentes textos utilizados para la ense\u00f1anza de manera que sean accesibles a todas y todos. Sabemos que la diversidad del aula exige cada vez m\u00e1s pensar en las maneras que tienen nuestras ni\u00f1as y nuestros ni\u00f1os de aprender, interpretar y relacionarse con el conocimiento. A su vez, el contexto de pandemia y la nueva organizaci\u00f3n escolar que configuran los protocolos vigentes, conllevan el desaf\u00edo de producir textos para la ense\u00f1anza que puedan ser comprendidos por todas y todos sin la presencia continua de las y los docentes y el marco \u00e1ulico.&nbsp;<br><br>En este taller se buscar\u00e1 reflexionar en torno a la <strong>accesibilidad textual <\/strong>como estrategia que fortalece los procesos de inclusi\u00f3n, especialmente de las ni\u00f1as y los ni\u00f1os con discapacidad. Las caracter\u00edsticas de consignas, recursos y textos de estudio que se ofrecen, se constituyen en pieza clave para favorecer la participaci\u00f3n y la autonom\u00eda de las y los estudiantes. El trabajo sobre ello implica tomar en cuenta diferentes dimensiones: los conocimientos a ser ense\u00f1ados, los modos en que se ofrece la informaci\u00f3n y las especificidades de las y los sujetos destinatarios de nuestras propuestas, entre otros aspectos.&nbsp;<br> <br> A lo largo de los encuentros se focalizar\u00e1 sobre la identificaci\u00f3n de las posibles barreras textuales de tal manera que los diferentes textos para la ense\u00f1anza resulten accesibles, manteniendo la complejidad y calidad de los conceptos a transmitir. Para ello se considerar\u00e1 central la participaci\u00f3n activa de las y los cursantes a trav\u00e9s de la socializaci\u00f3n y reflexi\u00f3n de actividades, recursos textuales y consignas que se encuentren produciendo. <br><br><strong>Comisi\u00f3n A<\/strong><br> Inicia: jueves 30 de septiembre | Encuentros sincr\u00f3nicos: jueves de 18.30 a 20.30 hs.<br><br> <br><br><a href=\"https:\/\/portal2.uepc.org.ar\/Talleres\/Taller.aspx?id=1\">Inscripciones aqu\u00ed<\/a><\/div><\/div><div class=\"wp-block-getwid-toggle__row\"><div class=\"wp-block-getwid-toggle__header-wrapper\"><h4 class=\"wp-block-getwid-toggle__header\"><a href=\"#\"><span class=\"wp-block-getwid-toggle__header-title\"><strong>Primeras lecturas y escrituras en la escuela. Estrategias para la Alfabetizaci\u00f3n Inicial<\/strong> <\/span><span class=\"wp-block-getwid-toggle__icon is-active\"><i class=\"fas fa-plus\"><\/i><\/span><span class=\"wp-block-getwid-toggle__icon is-passive\"><i class=\"fas fa-minus\"><\/i><\/span><\/a><\/h4><\/div><div class=\"wp-block-getwid-toggle__content\"><strong>Destinatarias\/os<\/strong>: equipos directivos y docentes de Nivel Inicial, Directivos y docentes de Nivel Primario (primer ciclo), afiliadas y afiliados.<br><strong><br> Duraci\u00f3n<\/strong>: 3 semanas (12 horas reloj distribuidas en 3 encuentros sincr\u00f3nicos y actividades asincr\u00f3nicas)<br> <br><strong>Equipo de talleristas<\/strong>:<br><em>Raquel Turletti<\/em>. Profesora en Letras Modernas. Especialista en Lectura, Escritura y Educaci\u00f3n. Profesora del equipo t\u00e9cnico de DGES (\u00e1rea Desarrollo Profesional) y Profesora en el Seminario de Alfabetizaci\u00f3n Inicial del Instituto Cat\u00f3lico Superior (INCASUP). <br><em>Gabriela Romero<\/em>. Profesora de Nivel Primario. Integrante del Programa de Fortalecimiento Pedag\u00f3gico (Proyecto 108 Escuelas UEPC) desde 2002. Tutora del Post\u00edtulo de Alfabetizaci\u00f3n en la Unidad Pedag\u00f3gica del Ministerio de Educaci\u00f3n de la Naci\u00f3n. <br><br><strong>S\u00edntesis de la propuesta<\/strong><br> Despu\u00e9s de un a\u00f1o lectivo de ense\u00f1anza y aprendizaje virtual, el contexto actual nos desaf\u00eda nuevamente a pensar la bimodalidad como organizaci\u00f3n did\u00e1ctica orientada a la integraci\u00f3n de contenidos. <br>Este taller propone repensar el espacio alfabetizador, las situaciones de lectura y escritura que posibilitan el acceso a la cultura letrada a trav\u00e9s de pr\u00e1cticas sociales de lenguaje. <br> Las y los invitamos a compartir estrategias y recursos para abordar la ense\u00f1anza de las primeras lecturas y escrituras en la escuela y en el hogar. <br><br><strong>Comisi\u00f3n A<\/strong><br>Inicia: martes 28 de septiembre | Encuentros sincr\u00f3nicos: martes de 16 a 18 hs.<br><br><strong>Comisi\u00f3n B<\/strong><br>Inicia: martes 28 de septiembre | Encuentros sincr\u00f3nicos: martes de 18.30 a 20.30 hs.<br><br>  <a href=\"https:\/\/portal2.uepc.org.ar\/Talleres\/Taller.aspx?id=1\">Inscripciones aqu\u00ed <\/a><\/div><\/div><div class=\"wp-block-getwid-toggle__row\"><div class=\"wp-block-getwid-toggle__header-wrapper\"><h4 class=\"wp-block-getwid-toggle__header\"><a href=\"#\"><span class=\"wp-block-getwid-toggle__header-title\"><strong>Ense\u00f1anza y literatura. El arte de la palabra en la escuela<\/strong> <\/span><span class=\"wp-block-getwid-toggle__icon is-active\"><i class=\"fas fa-plus\"><\/i><\/span><span class=\"wp-block-getwid-toggle__icon is-passive\"><i class=\"fas fa-minus\"><\/i><\/span><\/a><\/h4><\/div><div class=\"wp-block-getwid-toggle__content\">D<strong>estinatarias\/os: <\/strong>docentes de Nivel Inicial y Nivel Primario, equipos de gesti\u00f3n, coordinadores de ciclo. Afiliadas y afiliados.<br><br><strong>Duraci\u00f3n:<\/strong> 3 semanas (12 horas reloj distribuidas en 3 encuentros sincr\u00f3nicos y actividades asincr\u00f3nicas)<br><br><strong>Equipo de talleristas:<\/strong><br> <em>Raquel Turletti<\/em>. Profesora en Letras Modernas. Especialista en Lectura, Escritura y Educaci\u00f3n. Profesora del equipo t\u00e9cnico de DGES (\u00e1rea Desarrollo Profesional) y Profesora en el Seminario de Alfabetizaci\u00f3n Inicial del Instituto Cat\u00f3lico Superior (INCASUP). <br><em>Gabriela Romero<\/em>. Profesora de Nivel Primario. Integrante del Programa de Fortalecimiento Pedag\u00f3gico (Proyecto 108 Escuelas UEPC) desde 2002. Tutora del Post\u00edtulo de Alfabetizaci\u00f3n en la Unidad Pedag\u00f3gica del Ministerio de Educaci\u00f3n de la Naci\u00f3n.<br> <br><strong>S\u00edntesis de la propuesta: <\/strong><br> Las y los docentes somos propiciadores de la palabra que construye sentidos y subjetividades. En este contexto de bimodalidad que atravesamos, sigue siendo nuestro compromiso acompa\u00f1ar las trayectorias de las y los estudiantes en el proceso de formaci\u00f3n de lectores literarios.&nbsp; <br> Desde esta mirada, las y los invitamos a compartir este espacio de formaci\u00f3n que posibilita reflexionar y producir saberes en relaci\u00f3n a la literatura como manifestaci\u00f3n art\u00edstica que conecta con las vivencias, juega con las experiencias, interpela a los lectores, construye imaginarios e invita a visitar otros mundos posibles, entre otras cosas.<br> Para ello, pondremos en di\u00e1logo algunas experiencias de lectura y escritura literaria que difieren de actividades escolarizadas y naturalizadas para acercarnos a la literatura como pr\u00e1ctica social y art\u00edstica. <br><br><strong>Comisi\u00f3n A<\/strong><br>Inicia: mi\u00e9rcoles 29 de septiembre | Encuentros sincr\u00f3nicos: mi\u00e9rcoles de 16 a 18 hs.<br><br><strong>Comisi\u00f3n B<\/strong><br>Inicia: mi\u00e9rcoles 29 de septiembre |&nbsp;Encuentros sincr\u00f3nicos: mi\u00e9rcoles de 18.30 a 20.30 hs.&nbsp;<br> <br> <a href=\"https:\/\/portal2.uepc.org.ar\/Talleres\/Taller.aspx?id=1\"><strong>Inscripciones aqu\u00ed<\/strong> <\/a><\/div><\/div><\/div>\n","protected":false},"excerpt":{"rendered":"<a class=\"read-more-link\" href=\" https:\/\/uepc.org.ar\/conectate\/talleres-virtuales-iciec-primaria\/ \">Leer m\u00e1s<\/a>","protected":false},"author":17,"featured_media":0,"parent":0,"menu_order":0,"comment_status":"closed","ping_status":"closed","template":"","meta":{"_acf_changed":false,"_coblocks_attr":"","_coblocks_dimensions":"","_coblocks_responsive_height":"","_coblocks_accordion_ie_support":"","_uag_custom_page_level_css":"","footnotes":""},"class_list":["post-20485","page","type-page","status-publish","hentry"],"acf":[],"yoast_head":"<!-- This site is optimized with the Yoast SEO plugin v26.8 - https:\/\/yoast.com\/product\/yoast-seo-wordpress\/ -->\n<title>Talleres virtuales ICIEC primaria - conectate ICIEC-UEPC<\/title>\n<meta name=\"robots\" content=\"index, follow, max-snippet:-1, max-image-preview:large, max-video-preview:-1\" \/>\n<link rel=\"canonical\" href=\"https:\/\/uepc.org.ar\/conectate\/talleres-virtuales-iciec-primaria\/\" \/>\n<meta property=\"og:locale\" content=\"es_ES\" \/>\n<meta property=\"og:type\" content=\"article\" \/>\n<meta property=\"og:title\" content=\"Talleres virtuales ICIEC primaria - conectate ICIEC-UEPC\" \/>\n<meta property=\"og:url\" content=\"https:\/\/uepc.org.ar\/conectate\/talleres-virtuales-iciec-primaria\/\" \/>\n<meta property=\"og:site_name\" content=\"conectate ICIEC-UEPC\" \/>\n<meta property=\"article:publisher\" content=\"https:\/\/www.facebook.com\/conectate.uepc\" \/>\n<meta property=\"article:modified_time\" content=\"2021-09-22T14:02:54+00:00\" \/>\n<meta property=\"og:image\" content=\"http:\/\/uepc.org.ar\/conectate\/wp-content\/uploads\/2021\/03\/taller-formaciondocente2021-nivel_bot-primaria-1-1.jpg\" \/>\n<meta name=\"twitter:card\" content=\"summary_large_image\" \/>\n<meta name=\"twitter:site\" content=\"@ConectateUEPC\" \/>\n<meta name=\"twitter:label1\" content=\"Tiempo de lectura\" \/>\n\t<meta name=\"twitter:data1\" content=\"7 minutos\" \/>\n<script type=\"application\/ld+json\" class=\"yoast-schema-graph\">{\"@context\":\"https:\/\/schema.org\",\"@graph\":[{\"@type\":\"WebPage\",\"@id\":\"https:\/\/uepc.org.ar\/conectate\/talleres-virtuales-iciec-primaria\/\",\"url\":\"https:\/\/uepc.org.ar\/conectate\/talleres-virtuales-iciec-primaria\/\",\"name\":\"Talleres virtuales ICIEC primaria - conectate ICIEC-UEPC\",\"isPartOf\":{\"@id\":\"https:\/\/uepc.org.ar\/conectate\/#website\"},\"primaryImageOfPage\":{\"@id\":\"https:\/\/uepc.org.ar\/conectate\/talleres-virtuales-iciec-primaria\/#primaryimage\"},\"image\":{\"@id\":\"https:\/\/uepc.org.ar\/conectate\/talleres-virtuales-iciec-primaria\/#primaryimage\"},\"thumbnailUrl\":\"http:\/\/uepc.org.ar\/conectate\/wp-content\/uploads\/2021\/03\/taller-formaciondocente2021-nivel_bot-primaria-1-1.jpg\",\"datePublished\":\"2020-08-10T17:43:41+00:00\",\"dateModified\":\"2021-09-22T14:02:54+00:00\",\"breadcrumb\":{\"@id\":\"https:\/\/uepc.org.ar\/conectate\/talleres-virtuales-iciec-primaria\/#breadcrumb\"},\"inLanguage\":\"es\",\"potentialAction\":[{\"@type\":\"ReadAction\",\"target\":[\"https:\/\/uepc.org.ar\/conectate\/talleres-virtuales-iciec-primaria\/\"]}]},{\"@type\":\"ImageObject\",\"inLanguage\":\"es\",\"@id\":\"https:\/\/uepc.org.ar\/conectate\/talleres-virtuales-iciec-primaria\/#primaryimage\",\"url\":\"http:\/\/uepc.org.ar\/conectate\/wp-content\/uploads\/2021\/03\/taller-formaciondocente2021-nivel_bot-primaria-1-1.jpg\",\"contentUrl\":\"http:\/\/uepc.org.ar\/conectate\/wp-content\/uploads\/2021\/03\/taller-formaciondocente2021-nivel_bot-primaria-1-1.jpg\"},{\"@type\":\"BreadcrumbList\",\"@id\":\"https:\/\/uepc.org.ar\/conectate\/talleres-virtuales-iciec-primaria\/#breadcrumb\",\"itemListElement\":[{\"@type\":\"ListItem\",\"position\":1,\"name\":\"Home\",\"item\":\"https:\/\/uepc.org.ar\/conectate\/\"},{\"@type\":\"ListItem\",\"position\":2,\"name\":\"Talleres virtuales ICIEC primaria\"}]},{\"@type\":\"WebSite\",\"@id\":\"https:\/\/uepc.org.ar\/conectate\/#website\",\"url\":\"https:\/\/uepc.org.ar\/conectate\/\",\"name\":\"conectate ICIEC-UEPC\",\"description\":\"conectate a la pasi\u00f3n de educar\",\"publisher\":{\"@id\":\"https:\/\/uepc.org.ar\/conectate\/#organization\"},\"potentialAction\":[{\"@type\":\"SearchAction\",\"target\":{\"@type\":\"EntryPoint\",\"urlTemplate\":\"https:\/\/uepc.org.ar\/conectate\/?s={search_term_string}\"},\"query-input\":{\"@type\":\"PropertyValueSpecification\",\"valueRequired\":true,\"valueName\":\"search_term_string\"}}],\"inLanguage\":\"es\"},{\"@type\":\"Organization\",\"@id\":\"https:\/\/uepc.org.ar\/conectate\/#organization\",\"name\":\"conectate UEPC\",\"url\":\"https:\/\/uepc.org.ar\/conectate\/\",\"logo\":{\"@type\":\"ImageObject\",\"inLanguage\":\"es\",\"@id\":\"https:\/\/uepc.org.ar\/conectate\/#\/schema\/logo\/image\/\",\"url\":\"http:\/\/uepc.org.ar\/conectate\/wp-content\/uploads\/2019\/08\/lg-iciecx2.png\",\"contentUrl\":\"http:\/\/uepc.org.ar\/conectate\/wp-content\/uploads\/2019\/08\/lg-iciecx2.png\",\"width\":600,\"height\":266,\"caption\":\"conectate UEPC\"},\"image\":{\"@id\":\"https:\/\/uepc.org.ar\/conectate\/#\/schema\/logo\/image\/\"},\"sameAs\":[\"https:\/\/www.facebook.com\/conectate.uepc\",\"https:\/\/x.com\/ConectateUEPC\",\"https:\/\/www.instagram.com\/conectateuepc\/\",\"https:\/\/www.youtube.com\/channel\/UC_gvxulloCni4YDXzFRZ_qQ\"]}]}<\/script>\n<!-- \/ Yoast SEO plugin. -->","yoast_head_json":{"title":"Talleres virtuales ICIEC primaria - conectate ICIEC-UEPC","robots":{"index":"index","follow":"follow","max-snippet":"max-snippet:-1","max-image-preview":"max-image-preview:large","max-video-preview":"max-video-preview:-1"},"canonical":"https:\/\/uepc.org.ar\/conectate\/talleres-virtuales-iciec-primaria\/","og_locale":"es_ES","og_type":"article","og_title":"Talleres virtuales ICIEC primaria - conectate ICIEC-UEPC","og_url":"https:\/\/uepc.org.ar\/conectate\/talleres-virtuales-iciec-primaria\/","og_site_name":"conectate ICIEC-UEPC","article_publisher":"https:\/\/www.facebook.com\/conectate.uepc","article_modified_time":"2021-09-22T14:02:54+00:00","og_image":[{"url":"http:\/\/uepc.org.ar\/conectate\/wp-content\/uploads\/2021\/03\/taller-formaciondocente2021-nivel_bot-primaria-1-1.jpg","type":"","width":"","height":""}],"twitter_card":"summary_large_image","twitter_site":"@ConectateUEPC","twitter_misc":{"Tiempo de lectura":"7 minutos"},"schema":{"@context":"https:\/\/schema.org","@graph":[{"@type":"WebPage","@id":"https:\/\/uepc.org.ar\/conectate\/talleres-virtuales-iciec-primaria\/","url":"https:\/\/uepc.org.ar\/conectate\/talleres-virtuales-iciec-primaria\/","name":"Talleres virtuales ICIEC primaria - conectate ICIEC-UEPC","isPartOf":{"@id":"https:\/\/uepc.org.ar\/conectate\/#website"},"primaryImageOfPage":{"@id":"https:\/\/uepc.org.ar\/conectate\/talleres-virtuales-iciec-primaria\/#primaryimage"},"image":{"@id":"https:\/\/uepc.org.ar\/conectate\/talleres-virtuales-iciec-primaria\/#primaryimage"},"thumbnailUrl":"http:\/\/uepc.org.ar\/conectate\/wp-content\/uploads\/2021\/03\/taller-formaciondocente2021-nivel_bot-primaria-1-1.jpg","datePublished":"2020-08-10T17:43:41+00:00","dateModified":"2021-09-22T14:02:54+00:00","breadcrumb":{"@id":"https:\/\/uepc.org.ar\/conectate\/talleres-virtuales-iciec-primaria\/#breadcrumb"},"inLanguage":"es","potentialAction":[{"@type":"ReadAction","target":["https:\/\/uepc.org.ar\/conectate\/talleres-virtuales-iciec-primaria\/"]}]},{"@type":"ImageObject","inLanguage":"es","@id":"https:\/\/uepc.org.ar\/conectate\/talleres-virtuales-iciec-primaria\/#primaryimage","url":"http:\/\/uepc.org.ar\/conectate\/wp-content\/uploads\/2021\/03\/taller-formaciondocente2021-nivel_bot-primaria-1-1.jpg","contentUrl":"http:\/\/uepc.org.ar\/conectate\/wp-content\/uploads\/2021\/03\/taller-formaciondocente2021-nivel_bot-primaria-1-1.jpg"},{"@type":"BreadcrumbList","@id":"https:\/\/uepc.org.ar\/conectate\/talleres-virtuales-iciec-primaria\/#breadcrumb","itemListElement":[{"@type":"ListItem","position":1,"name":"Home","item":"https:\/\/uepc.org.ar\/conectate\/"},{"@type":"ListItem","position":2,"name":"Talleres virtuales ICIEC primaria"}]},{"@type":"WebSite","@id":"https:\/\/uepc.org.ar\/conectate\/#website","url":"https:\/\/uepc.org.ar\/conectate\/","name":"conectate ICIEC-UEPC","description":"conectate a la pasi\u00f3n de educar","publisher":{"@id":"https:\/\/uepc.org.ar\/conectate\/#organization"},"potentialAction":[{"@type":"SearchAction","target":{"@type":"EntryPoint","urlTemplate":"https:\/\/uepc.org.ar\/conectate\/?s={search_term_string}"},"query-input":{"@type":"PropertyValueSpecification","valueRequired":true,"valueName":"search_term_string"}}],"inLanguage":"es"},{"@type":"Organization","@id":"https:\/\/uepc.org.ar\/conectate\/#organization","name":"conectate UEPC","url":"https:\/\/uepc.org.ar\/conectate\/","logo":{"@type":"ImageObject","inLanguage":"es","@id":"https:\/\/uepc.org.ar\/conectate\/#\/schema\/logo\/image\/","url":"http:\/\/uepc.org.ar\/conectate\/wp-content\/uploads\/2019\/08\/lg-iciecx2.png","contentUrl":"http:\/\/uepc.org.ar\/conectate\/wp-content\/uploads\/2019\/08\/lg-iciecx2.png","width":600,"height":266,"caption":"conectate UEPC"},"image":{"@id":"https:\/\/uepc.org.ar\/conectate\/#\/schema\/logo\/image\/"},"sameAs":["https:\/\/www.facebook.com\/conectate.uepc","https:\/\/x.com\/ConectateUEPC","https:\/\/www.instagram.com\/conectateuepc\/","https:\/\/www.youtube.com\/channel\/UC_gvxulloCni4YDXzFRZ_qQ"]}]}},"uagb_featured_image_src":{"full":false,"thumbnail":false,"medium":false,"medium_large":false,"large":false,"1536x1536":false,"2048x2048":false,"post-thumbnail":false,"destacada":false,"eris-archive-image":false,"eris-archive-image-portrait":false,"eris-search-image":false},"uagb_author_info":{"display_name":"Conectate","author_link":"https:\/\/uepc.org.ar\/conectate\/author\/conectate\/"},"uagb_comment_info":0,"uagb_excerpt":null,"_links":{"self":[{"href":"https:\/\/uepc.org.ar\/conectate\/wp-json\/wp\/v2\/pages\/20485","targetHints":{"allow":["GET"]}}],"collection":[{"href":"https:\/\/uepc.org.ar\/conectate\/wp-json\/wp\/v2\/pages"}],"about":[{"href":"https:\/\/uepc.org.ar\/conectate\/wp-json\/wp\/v2\/types\/page"}],"author":[{"embeddable":true,"href":"https:\/\/uepc.org.ar\/conectate\/wp-json\/wp\/v2\/users\/17"}],"replies":[{"embeddable":true,"href":"https:\/\/uepc.org.ar\/conectate\/wp-json\/wp\/v2\/comments?post=20485"}],"version-history":[{"count":20,"href":"https:\/\/uepc.org.ar\/conectate\/wp-json\/wp\/v2\/pages\/20485\/revisions"}],"predecessor-version":[{"id":23396,"href":"https:\/\/uepc.org.ar\/conectate\/wp-json\/wp\/v2\/pages\/20485\/revisions\/23396"}],"wp:attachment":[{"href":"https:\/\/uepc.org.ar\/conectate\/wp-json\/wp\/v2\/media?parent=20485"}],"curies":[{"name":"wp","href":"https:\/\/api.w.org\/{rel}","templated":true}]}}