{"id":31276,"date":"2025-09-26T14:44:21","date_gmt":"2025-09-26T17:44:21","guid":{"rendered":"https:\/\/uepc.org.ar\/conectate\/?page_id=31276"},"modified":"2025-09-29T09:31:34","modified_gmt":"2025-09-29T12:31:34","slug":"programa-maestra-o-mas-maestras-os-mm","status":"publish","type":"page","link":"https:\/\/uepc.org.ar\/conectate\/programa-maestra-o-mas-maestras-os-mm\/","title":{"rendered":"Programa Maestra\/o m\u00e1s Maestras\/os (M+M)"},"content":{"rendered":"\n<div class=\"wp-block-coblocks-hero alignfull coblocks-hero-81015552427 coblocks-hero-76111425926\"><div class=\"wp-block-coblocks-hero__inner bg-cover has-background-image bg-no-repeat hero-center-center-align has-padding has-small-padding has-center-content\" style=\"background-image:url(https:\/\/uepc.org.ar\/conectate\/wp-content\/uploads\/2025\/09\/seceduc_MmasM_ban.jpg);min-height:100px\"><div class=\"wp-block-coblocks-hero__content-wrapper\"><div class=\"wp-block-coblocks-hero__content\" style=\"max-width:610px\"><div class=\"wp-block-image\">\n<figure class=\"aligncenter size-full\"><img loading=\"lazy\" decoding=\"async\" width=\"690\" height=\"280\" src=\"https:\/\/uepc.org.ar\/conectate\/wp-content\/uploads\/2025\/09\/seceduc-MmasM_ban_rspon_up.png\" alt=\"\" class=\"wp-image-31281\" srcset=\"https:\/\/uepc.org.ar\/conectate\/wp-content\/uploads\/2025\/09\/seceduc-MmasM_ban_rspon_up.png 690w, https:\/\/uepc.org.ar\/conectate\/wp-content\/uploads\/2025\/09\/seceduc-MmasM_ban_rspon_up-500x203.png 500w, https:\/\/uepc.org.ar\/conectate\/wp-content\/uploads\/2025\/09\/seceduc-MmasM_ban_rspon_up-550x223.png 550w, https:\/\/uepc.org.ar\/conectate\/wp-content\/uploads\/2025\/09\/seceduc-MmasM_ban_rspon_up-160x65.png 160w\" sizes=\"auto, (max-width: 690px) 100vw, 690px\" \/><\/figure><\/div><\/div><\/div><\/div><\/div>\n\n\n\n<div style=\"height:30px\" aria-hidden=\"true\" class=\"wp-block-spacer\"><\/div>\n\n\n\n<blockquote class=\"wp-block-quote is-layout-flow wp-block-quote-is-layout-flow\">\n<p class=\"has-text-align-right\">\u201cEste programa recupera una historia de acompa\u00f1amiento a la alfabetizaci\u00f3n que venimos desarrollando desde el sindicato hace 25 a\u00f1os\u201d<br><em>Roberto Cristalli, Secretario General de UEPC.<\/em><\/p>\n<\/blockquote>\n\n\n\n<p><strong>A un a\u00f1o de su puesta en marcha, el Programa Maestra\/o m\u00e1s Maestra\/os (M+M) expresa la continuidad de una tradici\u00f3n gremial de acompa\u00f1amiento a los procesos de alfabetizaci\u00f3n, renovada hoy en articulaci\u00f3n con el Ministerio de Educaci\u00f3n de C\u00f3rdoba. Una experiencia in\u00e9dita en el pa\u00eds, que combina compromiso docente, formaci\u00f3n situada y trabajo colectivo para garantizar el derecho a aprender.<\/strong><\/p>\n\n\n\n<p>Desde comienzos de los 2000, con la firma del Pacto de Calidad Educativa, UEPC asumi\u00f3 el compromiso de acompa\u00f1ar los procesos de alfabetizaci\u00f3n como una manera de garantizar derechos y mejorar las condiciones laborales de las y los docentes.<\/p>\n\n\n\n<p>El Programa M+M retoma esa tradici\u00f3n con una propuesta innovadora: un dispositivo de formaci\u00f3n horizontal, en el que las maestras + acompa\u00f1an a docentes de grado en sus pr\u00e1cticas de ense\u00f1anza, desde una l\u00f3gica de respeto, di\u00e1logo y trabajo colectivo.<\/p>\n\n\n\n<h4 class=\"wp-block-heading\"><strong>\u00bfEn qu\u00e9 consiste el programa?<\/strong><\/h4>\n\n\n\n<p>El M+M se organiza a partir de dos ejes prioritarios:<\/p>\n\n\n\n<ol class=\"wp-block-list\">\n<li><strong>Oralidad, lectura y escritura <\/strong>en todos los espacios curriculares, con \u00e9nfasis en lengua y literatura.<\/li>\n\n\n\n<li><strong>Resoluci\u00f3n de situaciones problem\u00e1ticas<\/strong> en todos los espacios, con \u00e9nfasis en matem\u00e1tica.<\/li>\n<\/ol>\n\n\n\n<p>Las maestras + \u201447 en toda la provincia\u2014 acompa\u00f1an a 141 escuelas, con m\u00e1s de 13.000 estudiantes alcanzados. Cada docente facilita, colabora y reflexiona junto a maestras y maestros de grado sobre las mejores estrategias para ense\u00f1ar y mejorar los aprendizajes de las y los estudiantes.<\/p>\n\n\n\n<h4 class=\"wp-block-heading\"><strong>Logros del primer a\u00f1o<\/strong><\/h4>\n\n\n\n<p>En apenas doce meses, el M+M:<\/p>\n\n\n\n<ul class=\"wp-block-list\">\n<li>Redujo del 34% al 30% la cantidad de estudiantes con dificultades en lectura y escritura.<\/li>\n\n\n\n<li>Disminuy\u00f3 del 14% al 8% el n\u00famero de estudiantes que no leen ni escriben.<\/li>\n\n\n\n<li>Certific\u00f3 la formaci\u00f3n de m\u00e1s de 1.200 docentes en 2024 y 2025.<\/li>\n\n\n\n<li>Fortaleci\u00f3 el trabajo colectivo y la reflexi\u00f3n situada sobre las pr\u00e1cticas de ense\u00f1anza.<\/li>\n\n\n\n<li>Ampli\u00f3 la presencia de docentes acompa\u00f1antes en el interior provincial, garantizando igualdad de oportunidades.<\/li>\n<\/ul>\n\n\n\n<h4 class=\"wp-block-heading\"><strong>Desaf\u00edos por delante<\/strong><\/h4>\n\n\n\n<ul class=\"wp-block-list\">\n<li>Instalar un proyecto alfabetizador en cada escuela, articulado con Nivel Inicial.<\/li>\n\n\n\n<li>Mejorar la ense\u00f1anza de la matem\u00e1tica con foco en la comprensi\u00f3n de problemas.<\/li>\n\n\n\n<li>Consolidar el rol de las maestras + como acompa\u00f1antes de pares.<\/li>\n\n\n\n<li>Profundizar la articulaci\u00f3n con la Educaci\u00f3n Superior para formar a las nuevas generaciones de docentes.<\/li>\n<\/ul>\n\n\n\n<h4 class=\"wp-block-heading\"><strong>Una apuesta colectiva<\/strong><\/h4>\n\n\n\n<p>Nuestra Secretaria de Educaci\u00f3n, Fabiana Nocco expres\u00f3 que \u201c<em>El Programa M+M demuestra que la alfabetizaci\u00f3n no puede sostenerse en soledad<\/em>\u201d. Es un trabajo institucional, colectivo y profundamente \u00e9tico, que requiere acompa\u00f1amiento, formaci\u00f3n y mejores condiciones laborales.<\/p>\n\n\n\n<p>\u201c<em>Nos sentimos llenos de orgullo y reconocimiento, porque es el \u00fanico programa de alfabetizaci\u00f3n inicial que lo llevan adelante un gobierno y un sindicato<\/em>\u201d afirma por su parte Roberto Cristalli, Secretario General de UEPC.<\/p>\n\n\n\n<div class=\"wp-block-buttons is-layout-flex wp-block-buttons-is-layout-flex\"><\/div>\n\n\n\n<p><\/p>\n","protected":false},"excerpt":{"rendered":"<p>Un Programa de asesoramiento y acompa\u00f1amiento para las escuelas y sus docentes.<\/p>\n<a class=\"read-more-link\" href=\" https:\/\/uepc.org.ar\/conectate\/programa-maestra-o-mas-maestras-os-mm\/ \">Leer m\u00e1s<\/a>","protected":false},"author":15,"featured_media":28450,"parent":0,"menu_order":0,"comment_status":"closed","ping_status":"closed","template":"","meta":{"_acf_changed":false,"_coblocks_attr":"","_coblocks_dimensions":"{\"coblocks-hero-76111425926\":{\"padding\":{}},\"coblocks-hero-81015552427\":{\"padding\":{}}}","_coblocks_responsive_height":"{\"coblocks-hero-76111425926\":{\"height\":{\"height\":100}},\"coblocks-hero-81015552427\":{\"height\":{\"height\":100}}}","_coblocks_accordion_ie_support":"","_uag_custom_page_level_css":"","footnotes":""},"class_list":["post-31276","page","type-page","status-publish","has-post-thumbnail","hentry"],"acf":[],"yoast_head":"<!-- This site is optimized with the Yoast SEO plugin v26.8 - https:\/\/yoast.com\/product\/yoast-seo-wordpress\/ -->\n<title>Programa Maestra\/o m\u00e1s Maestras\/os (M+M) - conectate ICIEC-UEPC<\/title>\n<meta name=\"robots\" content=\"index, follow, max-snippet:-1, max-image-preview:large, max-video-preview:-1\" \/>\n<link rel=\"canonical\" href=\"https:\/\/uepc.org.ar\/conectate\/programa-maestra-o-mas-maestras-os-mm\/\" \/>\n<meta property=\"og:locale\" content=\"es_ES\" \/>\n<meta property=\"og:type\" content=\"article\" \/>\n<meta property=\"og:title\" content=\"Programa Maestra\/o m\u00e1s Maestras\/os (M+M) - conectate ICIEC-UEPC\" \/>\n<meta property=\"og:description\" content=\"Un Programa de asesoramiento y acompa\u00f1amiento para las escuelas y sus docentes.\" \/>\n<meta property=\"og:url\" content=\"https:\/\/uepc.org.ar\/conectate\/programa-maestra-o-mas-maestras-os-mm\/\" \/>\n<meta property=\"og:site_name\" content=\"conectate ICIEC-UEPC\" \/>\n<meta property=\"article:publisher\" content=\"https:\/\/www.facebook.com\/conectate.uepc\" \/>\n<meta property=\"article:modified_time\" content=\"2025-09-29T12:31:34+00:00\" \/>\n<meta property=\"og:image\" content=\"https:\/\/uepc.org.ar\/conectate\/wp-content\/uploads\/2024\/04\/Consulta-Pedagogica-banner-web-destacada.png\" \/>\n\t<meta property=\"og:image:width\" content=\"2078\" \/>\n\t<meta property=\"og:image:height\" content=\"343\" \/>\n\t<meta property=\"og:image:type\" content=\"image\/png\" \/>\n<meta name=\"twitter:card\" content=\"summary_large_image\" \/>\n<meta name=\"twitter:site\" content=\"@ConectateUEPC\" \/>\n<meta name=\"twitter:label1\" content=\"Tiempo de lectura\" \/>\n\t<meta name=\"twitter:data1\" content=\"3 minutos\" \/>\n<script type=\"application\/ld+json\" class=\"yoast-schema-graph\">{\"@context\":\"https:\/\/schema.org\",\"@graph\":[{\"@type\":\"WebPage\",\"@id\":\"https:\/\/uepc.org.ar\/conectate\/programa-maestra-o-mas-maestras-os-mm\/\",\"url\":\"https:\/\/uepc.org.ar\/conectate\/programa-maestra-o-mas-maestras-os-mm\/\",\"name\":\"Programa Maestra\/o m\u00e1s Maestras\/os (M+M) - conectate ICIEC-UEPC\",\"isPartOf\":{\"@id\":\"https:\/\/uepc.org.ar\/conectate\/#website\"},\"primaryImageOfPage\":{\"@id\":\"https:\/\/uepc.org.ar\/conectate\/programa-maestra-o-mas-maestras-os-mm\/#primaryimage\"},\"image\":{\"@id\":\"https:\/\/uepc.org.ar\/conectate\/programa-maestra-o-mas-maestras-os-mm\/#primaryimage\"},\"thumbnailUrl\":\"https:\/\/uepc.org.ar\/conectate\/wp-content\/uploads\/2024\/04\/Consulta-Pedagogica-banner-web-destacada.png\",\"datePublished\":\"2025-09-26T17:44:21+00:00\",\"dateModified\":\"2025-09-29T12:31:34+00:00\",\"breadcrumb\":{\"@id\":\"https:\/\/uepc.org.ar\/conectate\/programa-maestra-o-mas-maestras-os-mm\/#breadcrumb\"},\"inLanguage\":\"es\",\"potentialAction\":[{\"@type\":\"ReadAction\",\"target\":[\"https:\/\/uepc.org.ar\/conectate\/programa-maestra-o-mas-maestras-os-mm\/\"]}]},{\"@type\":\"ImageObject\",\"inLanguage\":\"es\",\"@id\":\"https:\/\/uepc.org.ar\/conectate\/programa-maestra-o-mas-maestras-os-mm\/#primaryimage\",\"url\":\"https:\/\/uepc.org.ar\/conectate\/wp-content\/uploads\/2024\/04\/Consulta-Pedagogica-banner-web-destacada.png\",\"contentUrl\":\"https:\/\/uepc.org.ar\/conectate\/wp-content\/uploads\/2024\/04\/Consulta-Pedagogica-banner-web-destacada.png\",\"width\":2078,\"height\":343},{\"@type\":\"BreadcrumbList\",\"@id\":\"https:\/\/uepc.org.ar\/conectate\/programa-maestra-o-mas-maestras-os-mm\/#breadcrumb\",\"itemListElement\":[{\"@type\":\"ListItem\",\"position\":1,\"name\":\"Home\",\"item\":\"https:\/\/uepc.org.ar\/conectate\/\"},{\"@type\":\"ListItem\",\"position\":2,\"name\":\"Programa Maestra\/o m\u00e1s Maestras\/os (M+M)\"}]},{\"@type\":\"WebSite\",\"@id\":\"https:\/\/uepc.org.ar\/conectate\/#website\",\"url\":\"https:\/\/uepc.org.ar\/conectate\/\",\"name\":\"conectate ICIEC-UEPC\",\"description\":\"conectate a la pasi\u00f3n de educar\",\"publisher\":{\"@id\":\"https:\/\/uepc.org.ar\/conectate\/#organization\"},\"potentialAction\":[{\"@type\":\"SearchAction\",\"target\":{\"@type\":\"EntryPoint\",\"urlTemplate\":\"https:\/\/uepc.org.ar\/conectate\/?s={search_term_string}\"},\"query-input\":{\"@type\":\"PropertyValueSpecification\",\"valueRequired\":true,\"valueName\":\"search_term_string\"}}],\"inLanguage\":\"es\"},{\"@type\":\"Organization\",\"@id\":\"https:\/\/uepc.org.ar\/conectate\/#organization\",\"name\":\"conectate UEPC\",\"url\":\"https:\/\/uepc.org.ar\/conectate\/\",\"logo\":{\"@type\":\"ImageObject\",\"inLanguage\":\"es\",\"@id\":\"https:\/\/uepc.org.ar\/conectate\/#\/schema\/logo\/image\/\",\"url\":\"http:\/\/uepc.org.ar\/conectate\/wp-content\/uploads\/2019\/08\/lg-iciecx2.png\",\"contentUrl\":\"http:\/\/uepc.org.ar\/conectate\/wp-content\/uploads\/2019\/08\/lg-iciecx2.png\",\"width\":600,\"height\":266,\"caption\":\"conectate UEPC\"},\"image\":{\"@id\":\"https:\/\/uepc.org.ar\/conectate\/#\/schema\/logo\/image\/\"},\"sameAs\":[\"https:\/\/www.facebook.com\/conectate.uepc\",\"https:\/\/x.com\/ConectateUEPC\",\"https:\/\/www.instagram.com\/conectateuepc\/\",\"https:\/\/www.youtube.com\/channel\/UC_gvxulloCni4YDXzFRZ_qQ\"]}]}<\/script>\n<!-- \/ Yoast SEO plugin. -->","yoast_head_json":{"title":"Programa Maestra\/o m\u00e1s Maestras\/os (M+M) - conectate ICIEC-UEPC","robots":{"index":"index","follow":"follow","max-snippet":"max-snippet:-1","max-image-preview":"max-image-preview:large","max-video-preview":"max-video-preview:-1"},"canonical":"https:\/\/uepc.org.ar\/conectate\/programa-maestra-o-mas-maestras-os-mm\/","og_locale":"es_ES","og_type":"article","og_title":"Programa Maestra\/o m\u00e1s Maestras\/os (M+M) - conectate ICIEC-UEPC","og_description":"Un Programa de asesoramiento y acompa\u00f1amiento para las escuelas y sus docentes.","og_url":"https:\/\/uepc.org.ar\/conectate\/programa-maestra-o-mas-maestras-os-mm\/","og_site_name":"conectate ICIEC-UEPC","article_publisher":"https:\/\/www.facebook.com\/conectate.uepc","article_modified_time":"2025-09-29T12:31:34+00:00","og_image":[{"width":2078,"height":343,"url":"https:\/\/uepc.org.ar\/conectate\/wp-content\/uploads\/2024\/04\/Consulta-Pedagogica-banner-web-destacada.png","type":"image\/png"}],"twitter_card":"summary_large_image","twitter_site":"@ConectateUEPC","twitter_misc":{"Tiempo de lectura":"3 minutos"},"schema":{"@context":"https:\/\/schema.org","@graph":[{"@type":"WebPage","@id":"https:\/\/uepc.org.ar\/conectate\/programa-maestra-o-mas-maestras-os-mm\/","url":"https:\/\/uepc.org.ar\/conectate\/programa-maestra-o-mas-maestras-os-mm\/","name":"Programa Maestra\/o m\u00e1s Maestras\/os (M+M) - conectate ICIEC-UEPC","isPartOf":{"@id":"https:\/\/uepc.org.ar\/conectate\/#website"},"primaryImageOfPage":{"@id":"https:\/\/uepc.org.ar\/conectate\/programa-maestra-o-mas-maestras-os-mm\/#primaryimage"},"image":{"@id":"https:\/\/uepc.org.ar\/conectate\/programa-maestra-o-mas-maestras-os-mm\/#primaryimage"},"thumbnailUrl":"https:\/\/uepc.org.ar\/conectate\/wp-content\/uploads\/2024\/04\/Consulta-Pedagogica-banner-web-destacada.png","datePublished":"2025-09-26T17:44:21+00:00","dateModified":"2025-09-29T12:31:34+00:00","breadcrumb":{"@id":"https:\/\/uepc.org.ar\/conectate\/programa-maestra-o-mas-maestras-os-mm\/#breadcrumb"},"inLanguage":"es","potentialAction":[{"@type":"ReadAction","target":["https:\/\/uepc.org.ar\/conectate\/programa-maestra-o-mas-maestras-os-mm\/"]}]},{"@type":"ImageObject","inLanguage":"es","@id":"https:\/\/uepc.org.ar\/conectate\/programa-maestra-o-mas-maestras-os-mm\/#primaryimage","url":"https:\/\/uepc.org.ar\/conectate\/wp-content\/uploads\/2024\/04\/Consulta-Pedagogica-banner-web-destacada.png","contentUrl":"https:\/\/uepc.org.ar\/conectate\/wp-content\/uploads\/2024\/04\/Consulta-Pedagogica-banner-web-destacada.png","width":2078,"height":343},{"@type":"BreadcrumbList","@id":"https:\/\/uepc.org.ar\/conectate\/programa-maestra-o-mas-maestras-os-mm\/#breadcrumb","itemListElement":[{"@type":"ListItem","position":1,"name":"Home","item":"https:\/\/uepc.org.ar\/conectate\/"},{"@type":"ListItem","position":2,"name":"Programa Maestra\/o m\u00e1s Maestras\/os (M+M)"}]},{"@type":"WebSite","@id":"https:\/\/uepc.org.ar\/conectate\/#website","url":"https:\/\/uepc.org.ar\/conectate\/","name":"conectate ICIEC-UEPC","description":"conectate a la pasi\u00f3n de educar","publisher":{"@id":"https:\/\/uepc.org.ar\/conectate\/#organization"},"potentialAction":[{"@type":"SearchAction","target":{"@type":"EntryPoint","urlTemplate":"https:\/\/uepc.org.ar\/conectate\/?s={search_term_string}"},"query-input":{"@type":"PropertyValueSpecification","valueRequired":true,"valueName":"search_term_string"}}],"inLanguage":"es"},{"@type":"Organization","@id":"https:\/\/uepc.org.ar\/conectate\/#organization","name":"conectate UEPC","url":"https:\/\/uepc.org.ar\/conectate\/","logo":{"@type":"ImageObject","inLanguage":"es","@id":"https:\/\/uepc.org.ar\/conectate\/#\/schema\/logo\/image\/","url":"http:\/\/uepc.org.ar\/conectate\/wp-content\/uploads\/2019\/08\/lg-iciecx2.png","contentUrl":"http:\/\/uepc.org.ar\/conectate\/wp-content\/uploads\/2019\/08\/lg-iciecx2.png","width":600,"height":266,"caption":"conectate UEPC"},"image":{"@id":"https:\/\/uepc.org.ar\/conectate\/#\/schema\/logo\/image\/"},"sameAs":["https:\/\/www.facebook.com\/conectate.uepc","https:\/\/x.com\/ConectateUEPC","https:\/\/www.instagram.com\/conectateuepc\/","https:\/\/www.youtube.com\/channel\/UC_gvxulloCni4YDXzFRZ_qQ"]}]}},"uagb_featured_image_src":{"full":["https:\/\/uepc.org.ar\/conectate\/wp-content\/uploads\/2024\/04\/Consulta-Pedagogica-banner-web-destacada.png",2078,343,false],"thumbnail":["https:\/\/uepc.org.ar\/conectate\/wp-content\/uploads\/2024\/04\/Consulta-Pedagogica-banner-web-destacada-150x150.png",150,150,true],"medium":["https:\/\/uepc.org.ar\/conectate\/wp-content\/uploads\/2024\/04\/Consulta-Pedagogica-banner-web-destacada-500x83.png",500,83,true],"medium_large":["https:\/\/uepc.org.ar\/conectate\/wp-content\/uploads\/2024\/04\/Consulta-Pedagogica-banner-web-destacada-768x127.png",768,127,true],"large":["https:\/\/uepc.org.ar\/conectate\/wp-content\/uploads\/2024\/04\/Consulta-Pedagogica-banner-web-destacada-1024x169.png",1024,169,true],"1536x1536":["https:\/\/uepc.org.ar\/conectate\/wp-content\/uploads\/2024\/04\/Consulta-Pedagogica-banner-web-destacada-1536x254.png",1536,254,true],"2048x2048":["https:\/\/uepc.org.ar\/conectate\/wp-content\/uploads\/2024\/04\/Consulta-Pedagogica-banner-web-destacada-2048x338.png",2048,338,true],"post-thumbnail":["https:\/\/uepc.org.ar\/conectate\/wp-content\/uploads\/2024\/04\/Consulta-Pedagogica-banner-web-destacada-150x150.png",150,150,true],"destacada":["https:\/\/uepc.org.ar\/conectate\/wp-content\/uploads\/2024\/04\/Consulta-Pedagogica-banner-web-destacada-1600x264.png",1600,264,true],"eris-archive-image":["https:\/\/uepc.org.ar\/conectate\/wp-content\/uploads\/2024\/04\/Consulta-Pedagogica-banner-web-destacada-1100x343.png",1100,343,true],"eris-archive-image-portrait":["https:\/\/uepc.org.ar\/conectate\/wp-content\/uploads\/2024\/04\/Consulta-Pedagogica-banner-web-destacada-550x91.png",550,91,true],"eris-search-image":["https:\/\/uepc.org.ar\/conectate\/wp-content\/uploads\/2024\/04\/Consulta-Pedagogica-banner-web-destacada-160x26.png",160,26,true]},"uagb_author_info":{"display_name":"Administrador","author_link":"https:\/\/uepc.org.ar\/conectate\/author\/administrador\/"},"uagb_comment_info":0,"uagb_excerpt":"Un Programa de asesoramiento y acompa\u00f1amiento para las escuelas y sus docentes.","_links":{"self":[{"href":"https:\/\/uepc.org.ar\/conectate\/wp-json\/wp\/v2\/pages\/31276","targetHints":{"allow":["GET"]}}],"collection":[{"href":"https:\/\/uepc.org.ar\/conectate\/wp-json\/wp\/v2\/pages"}],"about":[{"href":"https:\/\/uepc.org.ar\/conectate\/wp-json\/wp\/v2\/types\/page"}],"author":[{"embeddable":true,"href":"https:\/\/uepc.org.ar\/conectate\/wp-json\/wp\/v2\/users\/15"}],"replies":[{"embeddable":true,"href":"https:\/\/uepc.org.ar\/conectate\/wp-json\/wp\/v2\/comments?post=31276"}],"version-history":[{"count":7,"href":"https:\/\/uepc.org.ar\/conectate\/wp-json\/wp\/v2\/pages\/31276\/revisions"}],"predecessor-version":[{"id":31299,"href":"https:\/\/uepc.org.ar\/conectate\/wp-json\/wp\/v2\/pages\/31276\/revisions\/31299"}],"wp:featuredmedia":[{"embeddable":true,"href":"https:\/\/uepc.org.ar\/conectate\/wp-json\/wp\/v2\/media\/28450"}],"wp:attachment":[{"href":"https:\/\/uepc.org.ar\/conectate\/wp-json\/wp\/v2\/media?parent=31276"}],"curies":[{"name":"wp","href":"https:\/\/api.w.org\/{rel}","templated":true}]}}